{"id":171,"date":"2026-05-04T20:47:33","date_gmt":"2026-05-04T20:47:33","guid":{"rendered":"https:\/\/mundialgyp.celerydev.com\/?post_type=product&#038;p=171"},"modified":"2026-05-04T20:47:33","modified_gmt":"2026-05-04T20:47:33","slug":"arena-fresh-step-multi-cat-con-febreze","status":"publish","type":"product","link":"https:\/\/mundialgyp.celerydev.com\/producto\/arena-fresh-step-multi-cat-con-febreze\/","title":{"rendered":"Arena fresh step multi Cat con Febreze"},"content":{"rendered":"<p data-start=\"274\" data-end=\"604\">La Arena Fresh Step Multi-Cat con Febreze est\u00e1 dise\u00f1ada especialmente para hogares donde viven varios gatos y se necesita un mayor nivel de control de olores e higiene diaria. Su f\u00f3rmula ayuda a neutralizar los malos olores de forma eficiente, manteniendo el ambiente del hogar m\u00e1s fresco y agradable.<\/p>\n<p data-start=\"606\" data-end=\"891\">Gracias a su capacidad de absorci\u00f3n y aglomeraci\u00f3n, facilita la limpieza del arenero al formar grumos compactos que se retiran f\u00e1cilmente. Adem\u00e1s, su tecnolog\u00eda con Febreze aporta una sensaci\u00f3n de frescura superior, ideal para espacios interiores y familias con m\u00e1s de una mascota.<\/p>\n<p data-start=\"893\" data-end=\"1074\">Es una excelente opci\u00f3n para quienes buscan una arena sanitaria confiable, pr\u00e1ctica y de alto rendimiento para mantener el arenero limpio, seco y con mejor aroma durante m\u00e1s tiempo.<\/p>\n<h3 data-start=\"1076\" data-end=\"1102\"><strong data-start=\"1076\" data-end=\"1102\">Beneficios destacados:<\/strong><\/h3>\n<ul data-start=\"1103\" data-end=\"1305\" data-is-last-node=\"\" data-is-only-node=\"\">\n<li data-section-id=\"7r7o8o\" data-start=\"1103\" data-end=\"1141\">Ideal para hogares con varios gatos.<\/li>\n<li data-section-id=\"683pzq\" data-start=\"1142\" data-end=\"1167\">Con tecnolog\u00eda Febreze.<\/li>\n<li data-section-id=\"1r0y35a\" data-start=\"1168\" data-end=\"1203\">Ayuda a neutralizar malos olores.<\/li>\n<li data-section-id=\"1szr4pw\" data-start=\"1204\" data-end=\"1221\">Alta absorci\u00f3n.<\/li>\n<li data-section-id=\"f2wrw0\" data-start=\"1222\" data-end=\"1246\">Aglomeraci\u00f3n pr\u00e1ctica.<\/li>\n<li data-section-id=\"348nj\" data-start=\"1247\" data-end=\"1280\">Mantiene el arenero m\u00e1s fresco.<\/li>\n<li data-section-id=\"d569vi\" data-start=\"1281\" data-end=\"1305\" data-is-last-node=\"\">F\u00e1cil limpieza diaria.<\/li>\n<\/ul>\n","protected":false},"excerpt":{"rendered":"<p>Arena sanitaria Fresh Step Multi-Cat con Febreze, ideal para hogares con varios gatos. Ayuda a controlar los malos olores, ofrece alta absorci\u00f3n y mantiene el arenero m\u00e1s fresco por m\u00e1s tiempo.<\/p>\n","protected":false},"featured_media":174,"comment_status":"open","ping_status":"closed","template":"","meta":[],"product_brand":[27],"product_cat":[26],"product_tag":[],"class_list":{"0":"post-171","1":"product","2":"type-product","3":"status-publish","4":"has-post-thumbnail","6":"product_brand-popis-cat","7":"product_cat-arena","9":"first","10":"instock","11":"shipping-taxable","12":"product-type-variable"},"_links":{"self":[{"href":"https:\/\/mundialgyp.celerydev.com\/wp-json\/wp\/v2\/product\/171","targetHints":{"allow":["GET"]}}],"collection":[{"href":"https:\/\/mundialgyp.celerydev.com\/wp-json\/wp\/v2\/product"}],"about":[{"href":"https:\/\/mundialgyp.celerydev.com\/wp-json\/wp\/v2\/types\/product"}],"replies":[{"embeddable":true,"href":"https:\/\/mundialgyp.celerydev.com\/wp-json\/wp\/v2\/comments?post=171"}],"wp:featuredmedia":[{"embeddable":true,"href":"https:\/\/mundialgyp.celerydev.com\/wp-json\/wp\/v2\/media\/174"}],"wp:attachment":[{"href":"https:\/\/mundialgyp.celerydev.com\/wp-json\/wp\/v2\/media?parent=171"}],"wp:term":[{"taxonomy":"product_brand","embeddable":true,"href":"https:\/\/mundialgyp.celerydev.com\/wp-json\/wp\/v2\/product_brand?post=171"},{"taxonomy":"product_cat","embeddable":true,"href":"https:\/\/mundialgyp.celerydev.com\/wp-json\/wp\/v2\/product_cat?post=171"},{"taxonomy":"product_tag","embeddable":true,"href":"https:\/\/mundialgyp.celerydev.com\/wp-json\/wp\/v2\/product_tag?post=171"}],"curies":[{"name":"wp","href":"https:\/\/api.w.org\/{rel}","templated":true}]}}