{"id":139,"date":"2026-05-04T20:25:50","date_gmt":"2026-05-04T20:25:50","guid":{"rendered":"https:\/\/mundialgyp.celerydev.com\/?post_type=product&#038;p=139"},"modified":"2026-05-04T20:31:47","modified_gmt":"2026-05-04T20:31:47","slug":"arena-tofu-popis-cat","status":"publish","type":"product","link":"https:\/\/mundialgyp.celerydev.com\/producto\/arena-tofu-popis-cat\/","title":{"rendered":"Arena Bentonita Super Premium (Natural)"},"content":{"rendered":"<p>La Arena Bentonita Super Premium Natural est\u00e1 dise\u00f1ada para ofrecer una limpieza m\u00e1s pr\u00e1ctica, eficiente y duradera en el arenero de tu gato. Gracias a su gran capacidad de absorci\u00f3n, encapsula r\u00e1pidamente la humedad y forma grumos firmes que facilitan la recolecci\u00f3n diaria.<\/p>\n<p>Su f\u00f3rmula natural ayuda a controlar los malos olores, manteniendo el ambiente del hogar m\u00e1s fresco e higi\u00e9nico. Adem\u00e1s, su textura granulada permite una experiencia c\u00f3moda para tu mascota, siendo una excelente opci\u00f3n para gatos de todas las edades.<\/p>\n<p>Perfecta para quienes buscan una arena sanitaria de alto rendimiento, la Arena Bentonita Super Premium Natural combina absorci\u00f3n, limpieza y practicidad en cada uso.<\/p>\n<h3><strong>Beneficios destacados:<\/strong><\/h3>\n<ul>\n<li>Alta capacidad de absorci\u00f3n.<\/li>\n<li>Aglomeraci\u00f3n r\u00e1pida y firme.<\/li>\n<li>Ayuda a controlar malos olores.<\/li>\n<li>F\u00e1cil limpieza diaria.<\/li>\n<li>F\u00f3rmula natural.<\/li>\n<li>Ideal para gatos de todas las edades.<\/li>\n<\/ul>\n","protected":false},"excerpt":{"rendered":"<p>Arena sanitaria de bentonita super premium, de alta absorci\u00f3n y r\u00e1pida aglomeraci\u00f3n. Ideal para mantener el arenero limpio, seco y con mejor control de olores en el uso diario.<\/p>\n","protected":false},"featured_media":151,"comment_status":"open","ping_status":"closed","template":"","meta":[],"product_brand":[27],"product_cat":[26],"product_tag":[],"class_list":{"0":"post-139","1":"product","2":"type-product","3":"status-publish","4":"has-post-thumbnail","6":"product_brand-popis-cat","7":"product_cat-arena","9":"first","10":"instock","11":"shipping-taxable","12":"product-type-variable"},"_links":{"self":[{"href":"https:\/\/mundialgyp.celerydev.com\/wp-json\/wp\/v2\/product\/139","targetHints":{"allow":["GET"]}}],"collection":[{"href":"https:\/\/mundialgyp.celerydev.com\/wp-json\/wp\/v2\/product"}],"about":[{"href":"https:\/\/mundialgyp.celerydev.com\/wp-json\/wp\/v2\/types\/product"}],"replies":[{"embeddable":true,"href":"https:\/\/mundialgyp.celerydev.com\/wp-json\/wp\/v2\/comments?post=139"}],"wp:featuredmedia":[{"embeddable":true,"href":"https:\/\/mundialgyp.celerydev.com\/wp-json\/wp\/v2\/media\/151"}],"wp:attachment":[{"href":"https:\/\/mundialgyp.celerydev.com\/wp-json\/wp\/v2\/media?parent=139"}],"wp:term":[{"taxonomy":"product_brand","embeddable":true,"href":"https:\/\/mundialgyp.celerydev.com\/wp-json\/wp\/v2\/product_brand?post=139"},{"taxonomy":"product_cat","embeddable":true,"href":"https:\/\/mundialgyp.celerydev.com\/wp-json\/wp\/v2\/product_cat?post=139"},{"taxonomy":"product_tag","embeddable":true,"href":"https:\/\/mundialgyp.celerydev.com\/wp-json\/wp\/v2\/product_tag?post=139"}],"curies":[{"name":"wp","href":"https:\/\/api.w.org\/{rel}","templated":true}]}}